). Let h = -16 + j. Is h a prime number?
False
Let c(k) = 1. Let b(s) = 11*s**2 - 15*s - 8. Let y(u) = -b(u) - 4*c(u). Let d(z) be the first derivative of y(z). Is d(-8) composite?
False
Suppose 2*m - 5 = -25. Is (-3421)/(-44) + m/(-8) a prime number?
True
Let t(p) = -127*p**3 - p - 1. Let m(w) = w**3 - 12*w**2 + 11*w. Let j be m(11). Suppose j*l + l + 1 = 0. Is t(l) prime?
True
Let v = 16 + 8. Suppose c - 2 - v = 0. Let m = c - -92. Is m a composite number?
True
Suppose -1089 - 1059 = -2*o - 2*f, -2133 = -2*o + f. Is o prime?
True
Suppose 3*h - r - 29827 = 0, 4*h - 5*r - 17139 - 22645 = 0. Is h composite?
False
Suppose -4*b + 2*r + 12 = 4*r, 0 = 5*r - 10. Let m = 55 + -50. Suppose m*d = -5*s + 555, -3*s + b*d + 230 = -113. Is s composite?
False
Suppose 2*w + 10871 = -4391. Let v = w + 12004. Is v a composite number?
False
Let j = 101 + -57. Let b be (-6978)/(-22) - 8/j. Let p = -190 + b. Is p prime?
True
Let z = -27467 - -41025. Is z composite?
True
Let n be (1*3)/(27/(-18)). Let t be -2 + (-1687)/(-1)*n. Is 4/2 - t/16 composite?
True
Let w(z) = 11*z**3 + 10*z**2 - 4*z - 4. Let d be w(5). Let r = d + -855. Is r/3*(-3)/(-2) a composite number?
False
Let m(b) = -b + 19. Let f be m(9). Suppose -8997 = -f*s - 227. Is s prime?
True
Suppose 4*u - 24 = 2*q + 24, -68 = 4*q - u. Is (2892/q + -4)*-4 a prime number?
True
Let t = -225 + 132. Let s = 130 - t. Is s a prime number?
True
Let i(t) = -2*t + 10. Let m be i(-5). Let s be m/(-15)*(-3)/4. Is -1 + s + (36 - 1) a prime number?
False
Suppose -r = -5*o + 13, 3*o - 2*r = -0 + 5. Let k(g) = 3*g**2 + 3*g - 48. Let j be k(11). Suppose -4*n - 4*l = -l - 499, -o*n + j = -3*l. Is n a prime number?
False
Suppose -3*l - 5*t + 7277 = 0, -2*l - 31*t + 32*t + 4860 = 0. Is l composite?
True
Let s(i) = -14*i**3 + 6*i**2 - 6*i + 16. Let q be s(-6). Let n = q - 1163. Is n a prime number?
True
Suppose -19*g = 12*g - 4867. Is g a prime number?
True
Let v(y) = 174*y - 21. Let i be v(9). Suppose -z = -i - 1222. Is z a composite number?
False
Let s(w) = 5*w - 24. Let h be s(5). Let f(g) = g**3 + 5*g**2 + 5*g + 3. Let o be f(-4). Is h - (-267)/o*-2 a prime number?
False
Suppose 43 = -3*b + 103. Is ((-1338)/8)/((-5)/b) a composite number?
True
Suppose -2*n = -40613 - 135461. Is n a composite number?
False
Let m(v) = -650*v - 3. Suppose 2*j + 2*d + 18 - 6 = 0, 6 = 4*j - 2*d. Is m(j) a prime number?
True
Let c be (-3)/(1/(20/(-15))). Suppose z = -4*a + c*z + 584, 5*a = 5*z + 725. Is a a composite number?
False
Suppose -2*r = -17 - 9. Suppose 3*p - 4 = 4*v + 1, 5*p - 2*v = r. Suppose p*x + 224 = 671. Is x a prime number?
True
Is ((-201205)/(-4))/((-275)/(-220)) composite?
False
Is ((-104727)/6*(-92)/(-161))/(-2) a composite number?
False
Let o(l) = -l**3 - 6*l**2 + 3*l - 3. Let h be o(-6). Let d = -36 - h. Let n(m) = m**2 + 4*m - 16. Is n(d) prime?
True
Let u(n) = -n**3 + 14*n**2 - 4. Let l be u(14). Is 1/(-4) + (-377)/l composite?
True
Suppose 3*h - 42 + 9 = 0. Let k = h - 9. Suppose 5*d - k*j + 4*j = 2331, 0 = 5*j + 10. Is d composite?
False
Let m(t) = 69*t - 199. Is m(9) prime?
False
Let q = -7 - -9. Suppose -q*d + 690 = 2*o, o = 4*o - 4*d - 1007. Suppose -y + o - 18 = 0. Is y a prime number?
False
Let p = 128 - 126. Suppose -1425 - 1861 = -p*w. Is w a composite number?
True
Let i = 2033 + 28834. Is i prime?
False
Let n = -136 + 1666. Suppose a + 4*a - n = 0. Suppose 2*s - 224 = a. Is s composite?
True
Suppose -3*q + 9 - 3 = 0. Let i be -1 + -494*(-2 - -1). Suppose -2*x + 496 = q*t, x + x - i = -3*t. Is x a composite number?
False
Suppose 2*z - 5 = -1. Suppose -z*a - 205 = -7*a. Suppose k = a + 30. Is k a prime number?
True
Suppose -43*z + 47*z - 2884 = 0. Is z prime?
False
Let v = -195 - -257. Is v composite?
True
Suppose 5*a = 16 + 4. Suppose 0 = -a*i + b - 2*b + 2071, 3*b = i - 534. Is i prime?
False
Is ((-1)/(-1))/((-40292)/(-5036) - 8) prime?
True
Suppose -283206 = -73*h + 31*h. Is h composite?
True
Let q be 46/115 - (-2208)/5. Suppose 5*t - 6 = -1. Is ((-2)/(-4))/(t/q) prime?
False
Let g(a) = -6*a**3 - 5*a**2 - 14*a - 6. Let q = -12 - -7. Is g(q) composite?
True
Suppose -2541 = -3*m - 432. Is m a composite number?
True
Suppose 2*h + 5*d = 3493, 4*d + 14 = -6. Is h a prime number?
True
Let v be 3 - (-1)/3*0. Let g(s) be the second derivative of s**4/6 - 5*s**3/6 + 3*s**2/2 - 2*s. Is g(v) prime?
False
Let g be -1*(4 - (3 - 0)) + 7. Suppose 3*r = -g*n + 3*n + 951, -5*n = -2*r - 1585. Is n a composite number?
False
Suppose o + 3*o - 344 = 0. Suppose 0 = 5*f - o + 606. Let i = f + 169. Is i a prime number?
False
Suppose 0 = 33*n - 375524 - 29749. Is n a prime number?
True
Let p(r) = -3*r - 12*r - 24*r - 17*r + 39. Is p(-7) prime?
True
Let d be (-3)/(-2) + (-15)/(-10). Suppose -d*h + 1095 = g - 0*g, -5*g = 0. Is h a composite number?
True
Let a(f) = 165*f**2 - 226*f - 7. Is a(-6) a composite number?
True
Let k(s) = -7*s**2 + 2*s + 1. Let y be k(3). Let o be y/(-12) + 2/6. Let u = o - -48. Is u a prime number?
True
Let o be 235 - (7 - 4 - -2). Suppose o = 13*s - 1707. Is s composite?
False
Let i(a) = -18*a**3 + a**2 + 6*a + 6. Let w be i(-4). Let k = w - 684. Is k prime?
False
Let j(i) = -4*i**3 + 5*i**3 - 9 + 20*i**2 + 4*i**2 - 25*i - 7*i**2. Is j(-14) prime?
True
Let c be (-2 + 0)/((-6)/(-63)). Is (7/c)/(1/(-2019)) a composite number?
False
Let u be 1 - 1 - -2*17. Suppose 3*q + u = 5*q. Suppose 0 = -3*d + v + 2719, -3 - q = 5*v. Is d prime?
False
Let q(p) = p**2 + 4*p - 3. Let n be q(-5). Suppose -n*m + 4 = 0, -z + 1633 = m - 3*m. Is z prime?
True
Let y = 2041 - 1226. Suppose 5*g + y = 10*g. Is g prime?
True
Let g(f) = -f**3 + 8*f**2 + 8*f + 11. Let i = 8 + 1. Let m be g(i). Suppose 5*r + m*o - 247 = 41, r - 60 = 2*o. Is r composite?
True
Let v be 8865/35 + (-2)/7. Suppose 5*t = -2*w - 260, -w - 5*t + 2*t = 132. Let r = v + w. Is r composite?
True
Let d = 61 + -59. Suppose 0 = 5*p - 5*a - 7705, d*p + 2*p = -5*a + 6182. Is p composite?
False
Let s = -3 + 5. Let x = 158 - 154. Is 131 + (-2 + x - s) a prime number?
True
Let n be 44/(-66)*(1 - 4). Suppose n*u - 572 = 2742. Is u composite?
False
Let d(w) be the second derivative of -w**4/12 + 3*w**3/2 + 95*w**2/2 - 30*w. Is d(0) composite?
True
Suppose -4*l + 200792 = 4*r, -11225 = 4*r - 3*l - 212038. Is r a composite number?
True
Let f = 358 + -203. Let u = 369 - f. Let k = 311 - u. Is k a prime number?
True
Suppose -10*m - 10 = -40. Suppose 3*t - 1908 = -m*z, -5*z + 4*t - 49 = -3184. Is z a prime number?
True
Suppose 0 = a + z - 5*z + 190, -3*z - 162 = a. Let s = a - -559. Is 4 + (-3 - -3) + s composite?
False
Let j be ((-304)/10)/((-4)/60). Suppose 5*x = -3*s + 776, -3*x + j = -0*s + 5*s. Is x prime?
True
Let i(l) = -l**2 + 8*l - 5. Let j be i(7). Let d(b) = b**3 - 3*b**2 + 3*b - 2. Let n be d(j). Suppose n = 8*v - 5*v - 885. Is v prime?
False
Is (-152)/(-988) + 199312/26 a composite number?
True
Let a be (-1)/(-5) - 70/(-25). Let r = a + 9. Let p(m) = -m**2 + 19*m - 13. Is p(r) a composite number?
False
Let y(i) = -i**2 - 27*i + 5. Let b be y(-11). Let q = b - 24. Is q prime?
True
Let w(z) = -91*z + 21. Let n be w(-11). Is 5/(-30) - n/(-12) composite?
True
Let d(k) = k**3 + 12*k**2 - 17*k + 16. Let s = -2 - 11. Let r be d(s). Suppose -2*w + 0*h = h - 139, -w + r = h. Is w composite?
False
Let b = -27 - -23. Is 5322/42 + b/(-14) prime?
True
Suppose -5*a + 3*a + 4 = 0. Suppose 0 = a*g + 6*b - b - 611, 3*g - 3*b = 864. Is g a prime number?
True
Suppose -3*x - 31089 = -4*q - 1622, 2*x - 22079 = -3*q. Is q a prime number?
False
Let k(j) be the second derivative of 205*j**3/3 - 5*j**2/2 + 3*j. Let q be k(-4). Is q/(-30) + (-1)/(-6) prime?
False
Let s be (-39)/(-9) + (-2)/6. Suppose -c + b - 9 = 4*c, 2*c + s*b + 8 = 0. Let j(n) = -68*n**3 - n**2 + n + 3. Is j(c) prime?
True
Suppose 0 = -3*z + c + 288, 0*c - 106 = -z - 3*c. Let x = 551 + z. Suppose -2*d + x = -94. Is d prime?
False
Let f = 802 + 4087. Is f prime?
True
Suppose -10*d + 563989 = -206241. Is d prime?
True
Let t(x) = -588*x**3 - 2*x**2 - 6*x - 7. Is t(-2) prime?
False
Let n(g) be the first derivative of g**4/4 - 2*g**3/3 - g**2/2 - 3*g + 9. Is n(8) prime?
True
Let h(z) = z**2 + 4*z + 7. Let f be h(-3). Suppose -c + 23946 = -f*b + 8530, 3*b - c = -11561. Is b/(-30) + (-3)/2 composite?
False
Let i(u) be the first der